{"id":2,"date":"2021-08-17T11:08:36","date_gmt":"2021-08-17T11:08:36","guid":{"rendered":"http:\/\/evp-slobozia.wsc.ro\/?page_id=2"},"modified":"2025-03-21T13:54:10","modified_gmt":"2025-03-21T13:54:10","slug":"directia-de-evidenta-a-persoanelor-slobozia","status":"publish","type":"page","link":"https:\/\/depslobozia.ro\/","title":{"rendered":"Serviciul Public Comunitar Local de Eviden\u021b\u0103 a Persoanelor Slobozia"},"content":{"rendered":"\n<div class=\"wp-block-columns is-layout-flex wp-container-core-columns-is-layout-9d6595d7 wp-block-columns-is-layout-flex\">\n<div class=\"wp-block-column is-layout-flow wp-block-column-is-layout-flow\" style=\"flex-basis:66.66%\">\t\t<div class=\"wpsisac-slick-carousal-wrp wpsisac-clearfix \" data-conf=\"{&quot;slidestoshow&quot;:1,&quot;slidestoscroll&quot;:1,&quot;dots&quot;:&quot;false&quot;,&quot;arrows&quot;:&quot;true&quot;,&quot;autoplay&quot;:&quot;true&quot;,&quot;autoplay_interval&quot;:3000,&quot;speed&quot;:300,&quot;rtl&quot;:&quot;false&quot;,&quot;centermode&quot;:&quot;true&quot;,&quot;lazyload&quot;:&quot;&quot;,&quot;variablewidth&quot;:&quot;false&quot;,&quot;loop&quot;:&quot;true&quot;,&quot;hover_pause&quot;:&quot;true&quot;}\">\r\t\t\t<div id=\"wpsisac-slick-carousal-1\" class=\"wpsisac-slick-init wpsisac-slick-carousal design-1 wpsisac-image-fit wpsisac-center\">\r\r\t\t\t\t<div class=\"wpsisac-image-slide\">\r\t\t\t<div class=\"wpsisac-image-slide-wrap\" style=\"height:700px;\">\r\t\t\t<img decoding=\"async\"  src=\"https:\/\/depslobozia.ro\/wp-content\/uploads\/2021\/09\/EvidentaPersSolobozia-1024x627.png\" alt=\"Galerie 0\" \/>\r\t\t<\/div>\r\t<\/div><div class=\"wpsisac-image-slide\">\r\t\t\t<div class=\"wpsisac-image-slide-wrap\" style=\"height:700px;\">\r\t\t\t<img decoding=\"async\"  src=\"https:\/\/depslobozia.ro\/wp-content\/uploads\/2021\/10\/Poza1.jpg\" alt=\"Galerie1\" \/>\r\t\t<\/div>\r\t<\/div><div class=\"wpsisac-image-slide\">\r\t\t\t<div class=\"wpsisac-image-slide-wrap\" style=\"height:700px;\">\r\t\t\t<img decoding=\"async\"  src=\"https:\/\/depslobozia.ro\/wp-content\/uploads\/2021\/10\/Poza2.jpg\" alt=\"Galerie2\" \/>\r\t\t<\/div>\r\t<\/div><div class=\"wpsisac-image-slide\">\r\t\t\t<div class=\"wpsisac-image-slide-wrap\" style=\"height:700px;\">\r\t\t\t<img decoding=\"async\"  src=\"https:\/\/depslobozia.ro\/wp-content\/uploads\/2021\/10\/Poza3-1024x683.jpg\" alt=\"Galerie3\" \/>\r\t\t<\/div>\r\t<\/div><div class=\"wpsisac-image-slide\">\r\t\t\t<div class=\"wpsisac-image-slide-wrap\" style=\"height:700px;\">\r\t\t\t<img decoding=\"async\"  src=\"https:\/\/depslobozia.ro\/wp-content\/uploads\/2021\/10\/Poza4-1024x683.jpg\" alt=\"Galerie4\" \/>\r\t\t<\/div>\r\t<\/div><div class=\"wpsisac-image-slide\">\r\t\t\t<div class=\"wpsisac-image-slide-wrap\" style=\"height:700px;\">\r\t\t\t<img decoding=\"async\"  src=\"https:\/\/depslobozia.ro\/wp-content\/uploads\/2021\/10\/Poza5-1024x700.jpg\" alt=\"Galerie5\" \/>\r\t\t<\/div>\r\t<\/div><div class=\"wpsisac-image-slide\">\r\t\t\t<div class=\"wpsisac-image-slide-wrap\" style=\"height:700px;\">\r\t\t\t<img decoding=\"async\"  src=\"https:\/\/depslobozia.ro\/wp-content\/uploads\/2021\/10\/Poza6.jpg\" alt=\"Galerie6\" \/>\r\t\t<\/div>\r\t<\/div><div class=\"wpsisac-image-slide\">\r\t\t\t<div class=\"wpsisac-image-slide-wrap\" style=\"height:700px;\">\r\t\t\t<img decoding=\"async\"  src=\"https:\/\/depslobozia.ro\/wp-content\/uploads\/2021\/10\/Poza7-1024x683.jpg\" alt=\"Galerie7\" \/>\r\t\t<\/div>\r\t<\/div><div class=\"wpsisac-image-slide\">\r\t\t\t<div class=\"wpsisac-image-slide-wrap\" style=\"height:700px;\">\r\t\t\t<img decoding=\"async\"  src=\"https:\/\/depslobozia.ro\/wp-content\/uploads\/2021\/10\/Poza8.jpg\" alt=\"Galerie8\" \/>\r\t\t<\/div>\r\t<\/div><div class=\"wpsisac-image-slide\">\r\t\t\t<div class=\"wpsisac-image-slide-wrap\" style=\"height:700px;\">\r\t\t\t<img decoding=\"async\"  src=\"https:\/\/depslobozia.ro\/wp-content\/uploads\/2021\/10\/Poza9-1024x683.jpg\" alt=\"Galerie9\" \/>\r\t\t<\/div>\r\t<\/div><div class=\"wpsisac-image-slide\">\r\t\t\t<div class=\"wpsisac-image-slide-wrap\" style=\"height:700px;\">\r\t\t\t<img decoding=\"async\"  src=\"https:\/\/depslobozia.ro\/wp-content\/uploads\/2021\/10\/Pozaa10.jpg\" alt=\"Galerie10\" \/>\r\t\t<\/div>\r\t<\/div><div class=\"wpsisac-image-slide\">\r\t\t\t<div class=\"wpsisac-image-slide-wrap\" style=\"height:700px;\">\r\t\t\t<img decoding=\"async\"  src=\"https:\/\/depslobozia.ro\/wp-content\/uploads\/2021\/10\/Pozaa11.jpg\" alt=\"Galerie11\" \/>\r\t\t<\/div>\r\t<\/div>\r\t\t\t<\/div>\r\t\t<\/div>\r\t<\/div>\n\n\n\n<div class=\"wp-block-column is-vertically-aligned-center is-layout-flow wp-block-column-is-layout-flow\" style=\"flex-basis:33.33%\">\n<h2 class=\"wp-block-heading\">Serviciul Public Comunitar Local de Eviden\u021b\u0103 a Persoanelor Slobozia\u00a0<\/h2>\n\n\n\n<p style=\"font-size:18px\">\u00centocme\u0219te, p\u0103streaz\u0103, \u021bine eviden\u021ba certificatele de stare civil\u0103, c\u0103r\u021bile de identitate \u0219i c\u0103r\u021bile de aleg\u0103tor.<\/p>\n\n\n\n<p style=\"font-size:18px\">\u00cenregistreaz\u0103 actele \u0219i faptele de stare civil\u0103, precum \u0219i men\u021biunile \u0219i modific\u0103rile intervenite \u00een statutul civil, \u00een domiciliul \u0219i re\u0219edin\u021ba persoanei, \u00een condi\u021biile legii.<\/p>\n\n\n\n<p style=\"font-size:18px\">Direc\u021bia de Eviden\u021b\u0103 a Persoanelor Slobozia \u00eentocme\u0219te \u0219i p\u0103streaz\u0103 registrele de stare civil\u0103, \u00een condi\u021biile legii.<\/p>\n\n\n\n<p style=\"font-size:18px\">\u00centocme\u0219te, completeaz\u0103, rectific\u0103, anuleaz\u0103 sau reconstituie actele de stare civil\u0103, precum \u0219i orice men\u021biuni f\u0103cute pe actele de stare civil\u0103 \u0219i pe actele de identitate, \u00een condi\u021biile legii.<\/p>\n\n\n\n<p style=\"font-size:18px\">Actualizeaz\u0103, utilizeaz\u0103 \u0219i valorific\u0103 Baza de Date Local\u0103, care con\u021bine datele de identificare \u0219i adresele cet\u0103\u021benilor care au domiciliul \u00een raza de competen\u021ba teritorial\u0103 a serviciului public comunitar respectiv.<\/p>\n<\/div>\n<\/div>\n\n\n\n<h2 class=\"wp-block-heading\">Furnizarea unor date din Registrul National de Eviden\u021b\u0103 a Persoanelor<\/h2>\n\n\n\n<p style=\"font-size:18px\">Furnizeaz\u0103, \u00een cadrul Sistemului National Informatic de Eviden\u021b\u0103 a Populatiei, datele necesare pentru actualizarea. \u201e<a href=\"http:\/\/depabd.mai.gov.ro\/\" target=\"_blank\" rel=\"noreferrer noopener\">Registrului National de Eviden\u021b\u0103 a Persoanelor<\/a>\u201d ( R.N.E.P.).<\/p>\n\n\n\n<p style=\"font-size:18px\">Furnizeaz\u0103, \u00een condi\u021biile legii, la solicitarea autorit\u0103\u021bilor \u0219i institu\u021biilor publice centrale, jude\u021bene \u0219i locale, agen\u021bilor economici ori a cet\u0103\u021benilor.<\/p>\n\n\n\n<p style=\"font-size:18px\">\u00centocme\u0219te listele electorale permanente, \u00een colaborare cu structurile teritoriale ale Centrului Na\u021bional pentru Administrarea Bazelor de Date de Eviden\u021b\u0103 a Persoanelor.<\/p>\n\n\n\n<p style=\"font-size:18px\">Constat\u0103 contraven\u021biile \u0219i aplic\u0103 sanc\u021biuni, \u00een condi\u021biile legii.<\/p>\n\n\n\n<p style=\"font-size:18px\">\u021aine registrele de eviden\u021b\u0103 pentru fiecare categorie de documente eliberate; \u00eendepline\u0219te \u0219i alte atribu\u021bii stabilite prin reglement\u0103ri legale.<\/p>\n\n\n\n<p style=\"font-size:18px\">Activitatea de furnizare a unor date cu caracter personal din Registrul na\u021bional de eviden\u021b\u0103 a persoanelor este reglementata de OUG nr.97\/2005 privind eviden\u021ba, domiciliul, re\u0219edin\u021ba \u0219i actele de identitate ale cet\u0103\u021benilor rom\u00e2ni, aprobat\u0103 cu modific\u0103ri \u0219i complet\u0103ri prin Legea nr. 290\/2005, cu modific\u0103rile \u0219i complet\u0103rile ulterioare.<\/p>\n\n\n\n<p style=\"font-size:18px\">Potrivit acestor acte normative, furnizarea unor date cu caracter personal se poate realiza numai dup\u0103 ob\u021binerea, \u00een prealabil, a consim\u021b\u0103m\u00e2ntului scris al persoanelor vizate. <\/p>\n\n\n\n<p style=\"font-size:18px\">Consim\u021b\u0103m\u00e2ntul persoanelor vizate nu este necesar atunci c\u00e2nd exist\u0103 un temei legal justificat.<\/p>\n\n\n\n<div class=\"wp-block-columns is-layout-flex wp-container-core-columns-is-layout-9d6595d7 wp-block-columns-is-layout-flex\">\n<div class=\"wp-block-column is-layout-flow wp-block-column-is-layout-flow\">\n<figure class=\"wp-block-embed is-type-video is-provider-youtube wp-block-embed-youtube wp-embed-aspect-16-9 wp-has-aspect-ratio\"><div class=\"wp-block-embed__wrapper\">\n<iframe loading=\"lazy\" title=\"Cum vor ar\u0103ta noile c\u0103r\u021bi de identitate\" width=\"1600\" height=\"900\" src=\"https:\/\/www.youtube.com\/embed\/q6-0glZPuKQ?feature=oembed\" frameborder=\"0\" allow=\"accelerometer; autoplay; clipboard-write; encrypted-media; gyroscope; picture-in-picture; web-share\" referrerpolicy=\"strict-origin-when-cross-origin\" allowfullscreen><\/iframe>\n<\/div><\/figure>\n<\/div>\n\n\n\n<div class=\"wp-block-column is-layout-flow wp-block-column-is-layout-flow\">\n<h2 class=\"wp-block-heading\"><a href=\"https:\/\/depslobozia.ro\/\">Serviciul Public Comunitar Local de Eviden\u021b\u0103 a Persoanelor Slobozia<\/a><\/h2>\n\n\n\n<div class=\"wp-block-columns is-layout-flex wp-container-core-columns-is-layout-9d6595d7 wp-block-columns-is-layout-flex\">\n<div class=\"wp-block-column is-layout-flow wp-block-column-is-layout-flow\" style=\"flex-basis:33.33%\">\n<p class=\"has-text-color\" style=\"color:#324b80\"> <strong>DATE DE CONTACT:<\/strong> <\/p>\n<\/div>\n\n\n\n<div class=\"wp-block-column is-layout-flow wp-block-column-is-layout-flow\" style=\"flex-basis:66.66%\">\n<p class=\"has-text-color\" style=\"color:#324b80\">  Municipiul Slobozia, &nbsp;B-dul Cosminului, nr. 2, bl. I.7,&nbsp;jud. Ialomi\u0163a <\/p>\n<\/div>\n<\/div>\n\n\n\n<div class=\"wp-block-columns is-layout-flex wp-container-core-columns-is-layout-9d6595d7 wp-block-columns-is-layout-flex\">\n<div class=\"wp-block-column is-layout-flow wp-block-column-is-layout-flow\" style=\"flex-basis:33.33%\">\n<p class=\"has-text-color\" style=\"color:#324b80\"> Tel\/Fax: <\/p>\n\n\n\n<p class=\"has-text-color\" style=\"color:#324b80\"> Tel : <\/p>\n<\/div>\n\n\n\n<div class=\"wp-block-column is-layout-flow wp-block-column-is-layout-flow\" style=\"flex-basis:66.66%\">\n<p class=\"has-text-color\" style=\"color:#324b80\"> 0243 233 790<\/p>\n\n\n\n<p class=\"has-text-color\" style=\"color:#324b80\"> 0243 233 791<\/p>\n<\/div>\n<\/div>\n\n\n\n<div class=\"wp-block-columns is-layout-flex wp-container-core-columns-is-layout-9d6595d7 wp-block-columns-is-layout-flex\">\n<div class=\"wp-block-column is-layout-flow wp-block-column-is-layout-flow\" style=\"flex-basis:33.33%\">\n<p class=\"has-text-color\" style=\"color:#324b80\"> <strong> E-mail: <\/strong> <\/p>\n<\/div>\n\n\n\n<div class=\"wp-block-column is-layout-flow wp-block-column-is-layout-flow\" style=\"flex-basis:66.66%\">\n<p class=\"has-text-color\" style=\"color:#324b80\">dep@municipiulslobozia.ro<\/p>\n\n\n\n<p class=\"has-text-color\" style=\"color:#324b80\">slobozia@il.e-adm.ro<\/p>\n<\/div>\n<\/div>\n\n\n\n<div class=\"wp-block-columns is-layout-flex wp-container-core-columns-is-layout-9d6595d7 wp-block-columns-is-layout-flex\">\n<div class=\"wp-block-column is-layout-flow wp-block-column-is-layout-flow\" style=\"flex-basis:33.33%\">\n<p class=\"has-text-color\" style=\"color:#324b80\"> <strong>PERSOAN\u0102 DE CONTACT:&nbsp;<\/strong> <\/p>\n<\/div>\n\n\n\n<div class=\"wp-block-column is-layout-flow wp-block-column-is-layout-flow\" style=\"flex-basis:66.66%\">\n<p class=\"has-text-color\" style=\"color:#324b80\">\u0218ef serviciu &#8211; BOZI ELENA<\/p>\n\n\n\n<p class=\"has-text-color\" style=\"color:#324b80\"><\/p>\n<\/div>\n<\/div>\n<\/div>\n<\/div>\n\n\n\n<p><\/p>\n","protected":false},"excerpt":{"rendered":"<p>Serviciul Public Comunitar Local de Eviden\u021b\u0103 a Persoanelor Slobozia\u00a0 \u00centocme\u0219te, p\u0103streaz\u0103, \u021bine eviden\u021ba certificatele de stare civil\u0103, c\u0103r\u021bile de identitate \u0219i c\u0103r\u021bile de aleg\u0103tor. \u00cenregistreaz\u0103 actele \u0219i faptele de stare civil\u0103, precum \u0219i men\u021biunile \u0219i modific\u0103rile intervenite \u00een statutul civil, \u00een domiciliul \u0219i re\u0219edin\u021ba persoanei, \u00een condi\u021biile legii. Direc\u021bia de Eviden\u021b\u0103 a Persoanelor Slobozia \u00eentocme\u0219te &hellip;<br \/><a href=\"https:\/\/depslobozia.ro\/\" class=\"more-link pen_button pen_element_default pen_icon_arrow_double\">Cite\u0219te mai mult<\/a><\/p>\n","protected":false},"author":1,"featured_media":0,"parent":0,"menu_order":0,"comment_status":"closed","ping_status":"closed","template":"","meta":{"footnotes":""},"class_list":["post-2","page","type-page","status-publish","hentry"],"yoast_head":"<!-- This site is optimized with the Yoast SEO plugin v27.5 - https:\/\/yoast.com\/product\/yoast-seo-wordpress\/ -->\r\n<title>Directia de Evidenta a Persoanelor Slobozia<\/title>\r\n<meta name=\"description\" content=\"Directia de Evidenta a Persoanelor Slobozia elibereaza si tine evidenta, actelor, certificatelor de stare civil\u0103\" \/>\r\n<meta name=\"robots\" content=\"index, follow, max-snippet:-1, max-image-preview:large, max-video-preview:-1\" \/>\r\n<link rel=\"canonical\" href=\"https:\/\/depslobozia.ro\/\" \/>\r\n<meta property=\"og:locale\" content=\"ro_RO\" \/>\r\n<meta property=\"og:type\" content=\"article\" \/>\r\n<meta property=\"og:title\" content=\"Directia de Evidenta a Persoanelor Slobozia\" \/>\r\n<meta property=\"og:description\" content=\"Directia de Evidenta a Persoanelor Slobozia elibereaza si tine evidenta, actelor, certificatelor de stare civil\u0103\" \/>\r\n<meta property=\"og:url\" content=\"https:\/\/depslobozia.ro\/\" \/>\r\n<meta property=\"og:site_name\" content=\"SERVICIUL PUBLIC COMUNITAR LOCAL DE EVIDEN\u0162A A PERSOANELOR SLOBOZIA\" \/>\r\n<meta property=\"article:modified_time\" content=\"2025-03-21T13:54:10+00:00\" \/>\r\n<meta name=\"twitter:card\" content=\"summary_large_image\" \/>\r\n<meta name=\"twitter:label1\" content=\"Timp estimat pentru citire\" \/>\n\t<meta name=\"twitter:data1\" content=\"2 minute\" \/>\r\n<script type=\"application\/ld+json\" class=\"yoast-schema-graph\">{\"@context\":\"https:\\\/\\\/schema.org\",\"@graph\":[{\"@type\":\"WebPage\",\"@id\":\"https:\\\/\\\/depslobozia.ro\\\/\",\"url\":\"https:\\\/\\\/depslobozia.ro\\\/\",\"name\":\"Directia de Evidenta a Persoanelor Slobozia\",\"isPartOf\":{\"@id\":\"https:\\\/\\\/depslobozia.ro\\\/#website\"},\"datePublished\":\"2021-08-17T11:08:36+00:00\",\"dateModified\":\"2025-03-21T13:54:10+00:00\",\"description\":\"Directia de Evidenta a Persoanelor Slobozia elibereaza si tine evidenta, actelor, certificatelor de stare civil\u0103\",\"breadcrumb\":{\"@id\":\"https:\\\/\\\/depslobozia.ro\\\/#breadcrumb\"},\"inLanguage\":\"ro-RO\",\"potentialAction\":[{\"@type\":\"ReadAction\",\"target\":[\"https:\\\/\\\/depslobozia.ro\\\/\"]}]},{\"@type\":\"BreadcrumbList\",\"@id\":\"https:\\\/\\\/depslobozia.ro\\\/#breadcrumb\",\"itemListElement\":[{\"@type\":\"ListItem\",\"position\":1,\"name\":\"Prima pagin\u0103\",\"item\":\"https:\\\/\\\/depslobozia.ro\\\/\"},{\"@type\":\"ListItem\",\"position\":2,\"name\":\"Directia de Evidenta a Persoanelor Slobozia\"}]},{\"@type\":\"WebSite\",\"@id\":\"https:\\\/\\\/depslobozia.ro\\\/#website\",\"url\":\"https:\\\/\\\/depslobozia.ro\\\/\",\"name\":\"DIREC\u0162IA DE EVIDEN\u0162A PERSOANELOR SLOBOZIA\",\"description\":\"Municipiul SLOBOZIA\",\"publisher\":{\"@id\":\"https:\\\/\\\/depslobozia.ro\\\/#organization\"},\"potentialAction\":[{\"@type\":\"SearchAction\",\"target\":{\"@type\":\"EntryPoint\",\"urlTemplate\":\"https:\\\/\\\/depslobozia.ro\\\/?s={search_term_string}\"},\"query-input\":{\"@type\":\"PropertyValueSpecification\",\"valueRequired\":true,\"valueName\":\"search_term_string\"}}],\"inLanguage\":\"ro-RO\"},{\"@type\":\"Organization\",\"@id\":\"https:\\\/\\\/depslobozia.ro\\\/#organization\",\"name\":\"Directia de Evidenta Persoanelor Slobozia\",\"url\":\"https:\\\/\\\/depslobozia.ro\\\/\",\"logo\":{\"@type\":\"ImageObject\",\"inLanguage\":\"ro-RO\",\"@id\":\"https:\\\/\\\/depslobozia.ro\\\/#\\\/schema\\\/logo\\\/image\\\/\",\"url\":\"https:\\\/\\\/depslobozia.ro\\\/wp-content\\\/uploads\\\/2021\\\/10\\\/StemSlobozia.png\",\"contentUrl\":\"https:\\\/\\\/depslobozia.ro\\\/wp-content\\\/uploads\\\/2021\\\/10\\\/StemSlobozia.png\",\"width\":68,\"height\":90,\"caption\":\"Directia de Evidenta Persoanelor Slobozia\"},\"image\":{\"@id\":\"https:\\\/\\\/depslobozia.ro\\\/#\\\/schema\\\/logo\\\/image\\\/\"}}]}<\/script>\r\n<!-- \/ Yoast SEO plugin. -->","yoast_head_json":{"title":"Directia de Evidenta a Persoanelor Slobozia","description":"Directia de Evidenta a Persoanelor Slobozia elibereaza si tine evidenta, actelor, certificatelor de stare civil\u0103","robots":{"index":"index","follow":"follow","max-snippet":"max-snippet:-1","max-image-preview":"max-image-preview:large","max-video-preview":"max-video-preview:-1"},"canonical":"https:\/\/depslobozia.ro\/","og_locale":"ro_RO","og_type":"article","og_title":"Directia de Evidenta a Persoanelor Slobozia","og_description":"Directia de Evidenta a Persoanelor Slobozia elibereaza si tine evidenta, actelor, certificatelor de stare civil\u0103","og_url":"https:\/\/depslobozia.ro\/","og_site_name":"SERVICIUL PUBLIC COMUNITAR LOCAL DE EVIDEN\u0162A A PERSOANELOR SLOBOZIA","article_modified_time":"2025-03-21T13:54:10+00:00","twitter_card":"summary_large_image","twitter_misc":{"Timp estimat pentru citire":"2 minute"},"schema":{"@context":"https:\/\/schema.org","@graph":[{"@type":"WebPage","@id":"https:\/\/depslobozia.ro\/","url":"https:\/\/depslobozia.ro\/","name":"Directia de Evidenta a Persoanelor Slobozia","isPartOf":{"@id":"https:\/\/depslobozia.ro\/#website"},"datePublished":"2021-08-17T11:08:36+00:00","dateModified":"2025-03-21T13:54:10+00:00","description":"Directia de Evidenta a Persoanelor Slobozia elibereaza si tine evidenta, actelor, certificatelor de stare civil\u0103","breadcrumb":{"@id":"https:\/\/depslobozia.ro\/#breadcrumb"},"inLanguage":"ro-RO","potentialAction":[{"@type":"ReadAction","target":["https:\/\/depslobozia.ro\/"]}]},{"@type":"BreadcrumbList","@id":"https:\/\/depslobozia.ro\/#breadcrumb","itemListElement":[{"@type":"ListItem","position":1,"name":"Prima pagin\u0103","item":"https:\/\/depslobozia.ro\/"},{"@type":"ListItem","position":2,"name":"Directia de Evidenta a Persoanelor Slobozia"}]},{"@type":"WebSite","@id":"https:\/\/depslobozia.ro\/#website","url":"https:\/\/depslobozia.ro\/","name":"DIREC\u0162IA DE EVIDEN\u0162A PERSOANELOR SLOBOZIA","description":"Municipiul SLOBOZIA","publisher":{"@id":"https:\/\/depslobozia.ro\/#organization"},"potentialAction":[{"@type":"SearchAction","target":{"@type":"EntryPoint","urlTemplate":"https:\/\/depslobozia.ro\/?s={search_term_string}"},"query-input":{"@type":"PropertyValueSpecification","valueRequired":true,"valueName":"search_term_string"}}],"inLanguage":"ro-RO"},{"@type":"Organization","@id":"https:\/\/depslobozia.ro\/#organization","name":"Directia de Evidenta Persoanelor Slobozia","url":"https:\/\/depslobozia.ro\/","logo":{"@type":"ImageObject","inLanguage":"ro-RO","@id":"https:\/\/depslobozia.ro\/#\/schema\/logo\/image\/","url":"https:\/\/depslobozia.ro\/wp-content\/uploads\/2021\/10\/StemSlobozia.png","contentUrl":"https:\/\/depslobozia.ro\/wp-content\/uploads\/2021\/10\/StemSlobozia.png","width":68,"height":90,"caption":"Directia de Evidenta Persoanelor Slobozia"},"image":{"@id":"https:\/\/depslobozia.ro\/#\/schema\/logo\/image\/"}}]}},"_links":{"self":[{"href":"https:\/\/depslobozia.ro\/index.php\/wp-json\/wp\/v2\/pages\/2","targetHints":{"allow":["GET"]}}],"collection":[{"href":"https:\/\/depslobozia.ro\/index.php\/wp-json\/wp\/v2\/pages"}],"about":[{"href":"https:\/\/depslobozia.ro\/index.php\/wp-json\/wp\/v2\/types\/page"}],"author":[{"embeddable":true,"href":"https:\/\/depslobozia.ro\/index.php\/wp-json\/wp\/v2\/users\/1"}],"replies":[{"embeddable":true,"href":"https:\/\/depslobozia.ro\/index.php\/wp-json\/wp\/v2\/comments?post=2"}],"version-history":[{"count":105,"href":"https:\/\/depslobozia.ro\/index.php\/wp-json\/wp\/v2\/pages\/2\/revisions"}],"predecessor-version":[{"id":2066,"href":"https:\/\/depslobozia.ro\/index.php\/wp-json\/wp\/v2\/pages\/2\/revisions\/2066"}],"wp:attachment":[{"href":"https:\/\/depslobozia.ro\/index.php\/wp-json\/wp\/v2\/media?parent=2"}],"curies":[{"name":"wp","href":"https:\/\/api.w.org\/{rel}","templated":true}]}}